reatest common divisor of j and o.
21
Suppose 2*o + 2756 = -f + 3*f, -o = -3*f + 4128. Calculate the greatest common factor of f and 11.
11
Let a be -1*-169*5 + (-609)/(-87). Calculate the greatest common factor of a and 48.
12
Suppose 5*g = 0, 5*s = -4*g + 3*g + 1675. Calculate the greatest common divisor of s and 67.
67
Let v be -3*11/(198/(-240)). Let d be -1 + -3 + 4 + 5. What is the greatest common factor of v and d?
5
Let n = -54 + 126. Let u(w) = 2*w**3 - 4*w**2 + 3*w - 2. Let h be u(3). Let p = -16 + h. What is the highest common factor of p and n?
9
Let l be (-4)/(-26) + (-41922)/(-442). What is the greatest common factor of 19 and l?
19
Let a(z) = 3*z**3 - 5*z**2 + 7*z - 6. Let u be a(4). Calculate the highest common factor of 469 and u.
67
Let o(j) = -j**3 + 49*j**2 - 87*j - 78. Let d be o(46). What is the highest common factor of 84 and d?
84
Suppose s + 28 = 5*s. Let m = 395 + -265. Suppose 5*x + 5*t = 40 + m, -2*t = 3*x - 103. What is the greatest common divisor of x and s?
7
Let t = 1553 - 1519. Suppose 0 = -4*y + y + 510. Calculate the highest common factor of y and t.
34
Let r = -431 - -691. What is the highest common factor of 40 and r?
20
Suppose -4*l = y + 16, 3*y - y = 2*l + 8. Suppose y = -6*a - 132 + 36. Let v = a - -17. Calculate the highest common factor of v and 3.
1
Suppose 10 = -8*z + 3*z. Let p be (-1)/z + (-424)/(-16). Let m be (-1462)/(-6) + 10/(-15). What is the greatest common factor of p and m?
27
Let i be 18 + (3 + -2)*-4. Suppose 5*a + 5*r = 2*a + 154, -2*r = -10. Suppose 113 = 5*p + a. What is the greatest common divisor of i and p?
14
Suppose 3*t - 3*p = p, 2*t = p + 5. Suppose 5*a - s = 75, t*a - 2*a - 30 = -3*s. Suppose -k = -11 - 4. What is the highest common divisor of a and k?
15
Suppose 30 = 6*v - v. Suppose -m + 14 = -v. What is the highest common divisor of m and 20?
20
Let v(h) = -2*h**3 - 11*h**2 - 7*h - 9. Let d be v(-7). What is the greatest common divisor of 17 and d?
17
Let s(w) = 2*w - 3. Let h be s(5). Let a(o) = o**3 + 8*o**2 - 11*o + 7. Let d be a(-7). Calculate the highest common factor of h and d.
7
Let a(t) be the second derivative of t**4/12 + 4*t**3/3 + 2*t**2 + 3*t. Let i be a(-7). Let w = i - -21. What is the greatest common factor of w and 18?
18
Let j = 297 - -277. What is the greatest common factor of 82 and j?
82
Let y be 74*((-13)/(-4) + -3)*22. Calculate the greatest common factor of 11 and y.
11
Let u(v) = -v**3 + 7*v**2 - 4 + 10*v + 14 + 2. Let l be u(9). Let x be 9/((l/(-8))/5). What is the highest common divisor of 18 and x?
6
Let j(k) be the first derivative of 7*k**2 - 10*k + 18. Let d be j(2). What is the highest common divisor of 9 and d?
9
Let q = -108 - -168. Let y(i) = 7*i + 3. Let r be y(3). What is the highest common divisor of q and r?
12
Let n(m) = -m**3 + m**2 + 12. Let x be n(0). Let k(g) = -2*g**3 - 182*g**2 - 178*g + 192. Let q be k(-90). What is the highest common factor of q and x?
12
Suppose v - 181 = 3*r, -10*v - 5*r = -15*v + 915. What is the greatest common factor of 69 and v?
23
Let d be (-22)/(-8) - (-4)/16. Suppose -d*p + 9 + 0 = 0, -14 = -u - 2*p. Suppose -56*n = 7*n - 5544. What is the highest common factor of n and u?
8
Suppose 3*o = -5*j + 16, 7*o - j = 2*o + 8. Suppose o*z - 4 - 2 = 0. Suppose z*r - 7*r + 56 = 0. Calculate the greatest common factor of r and 14.
14
Let s = -117 + 101. Let c be 8/(1*(-2)/s). What is the greatest common divisor of c and 96?
32
Let x be (-1 + 3 - -2)/(-1). Let z be 1/x + 21/(-12). Let k be (z/6)/((-9)/162). What is the highest common divisor of 54 and k?
6
Suppose 3*z - 45*q - 177 = -41*q, 0 = -4*z - 2*q + 258. Calculate the greatest common divisor of z and 315.
63
Suppose 8 = 6*w - 304. What is the greatest common factor of 20 and w?
4
Let n = -13 - -12. Let x be -5 + 8 - (-1)/n. Suppose -s + x = -78. Calculate the greatest common factor of s and 10.
10
Suppose 4*s + 26 = 3*x, x - 5*s = 5 + 11. Let d = -81 - -129. What is the highest common divisor of d and x?
6
Suppose 36 = 5*x - 2*x. Let s be -20*(4/(-18) + (-49)/63). What is the highest common divisor of s and x?
4
Let b = -1027 + 1060. Calculate the highest common factor of 30 and b.
3
Suppose 1024 + 992 = 6*f. Calculate the highest common divisor of 24 and f.
24
Suppose 0 = -2*u + 4*u - 5*u. Suppose x - g = 45, 2*x - 4*g - 21 - 71 = u. What is the greatest common factor of x and 308?
44
Suppose 4*l = 2*y - 22, -3*l + 15 = -7*y + 9*y. What is the greatest common factor of 261 and y?
9
Suppose 185 = 4*b + 5*x, -4*x - 14 = -b + 27. Let o be (b + 1)/(3 - (-93)/(-33)). What is the highest common factor of 23 and o?
23
Let f(i) = 3*i**3 - i**2 - i + 1. Let n be f(1). Suppose -n*p - 28 = -38. Calculate the highest common factor of p and 2.
1
Let c(z) = 8*z**3 - 22*z + 6. Let s be c(5). What is the greatest common factor of s and 28?
28
Suppose 4*b + d - 471 = 1376, -3*d = 3. Calculate the highest common factor of 264 and b.
66
Let h = 365 + -310. What is the greatest common divisor of 143 and h?
11
Let h(x) = -28*x - 335. Let s be h(-20). Calculate the greatest common factor of s and 300.
75
Suppose 3*c - 4*l - 390 = 2686, 5*l = 5*c - 5135. Calculate the greatest common factor of c and 24.
24
Let v = 35 - 49. Let a = 15 - v. Let i be (-7 - 8) + 25 - -164. What is the highest common divisor of a and i?
29
Let l be 5 + 0*((-7)/(-2))/(-7). Suppose 0 = l*a - 35 - 40. Calculate the highest common factor of 15 and a.
15
Let x = 158 + -54. Calculate the highest common factor of 286 and x.
26
Let g be 2/((-3)/(78/(-4))). Let h = 926 + -913. Calculate the greatest common divisor of h and g.
13
Let z = -27 - -59. Suppose 14*n - 83 = 1. Suppose 4*x = n*x - z. Calculate the highest common factor of x and 48.
16
Suppose 0*b - 2*b + 120 = 3*r, b - 58 = -r. Calculate the highest common divisor of b and 6.
6
Let s(i) = 69*i - 19 + 38*i - 11*i + 28. Let n be s(3). Calculate the highest common divisor of 27 and n.
27
Suppose -5*h - 4*b + 3*b = -1082, 3*h - 636 = -5*b. Calculate the greatest common factor of 341 and h.
31
Suppose 0 = -12*c + 10*c + 22. Let i be 3 + 29 + -4 + 2 + 3. Calculate the greatest common factor of c and i.
11
Let n(x) = -x**2 + 20*x - 19. Let s be n(15). Let i(t) = t. Let z be i(-1). Let h(y) = -27*y + 1. Let b be h(z). What is the greatest common divisor of s and b?
28
Let v(f) = 2*f**3 - 14*f - 9*f**2 + 2*f**3 + 15 - 7*f**3 + 2*f**3. Let q be v(-7). Calculate the highest common factor of 30 and q.
15
Let y be (2/6)/((-5)/45). Let m be (y - 2)*(24/(-5) - -4). What is the greatest common divisor of m and 10?
2
Suppose 2*q + 3*g - 190 = g, 92 = q + 4*g. Suppose -5*h + 94 + 36 = 0. Let o = h + -14. Calculate the greatest common divisor of q and o.
12
Let f be (-108)/(-8)*286/39. Calculate the highest common divisor of f and 11.
11
Suppose -6*k + 200 + 40 = 0. Calculate the greatest common divisor of 1000 and k.
40
Let o(h) = 2*h**2 - 5*h - 6. Let b be o(5). Suppose b*p + 246 = 25*p. What is the greatest common divisor of p and 287?
41
Let s be ((-90)/24)/((-27)/1224). Let n(j) = -9*j - 4. Let t be n(-8). Calculate the greatest common factor of s and t.
34
Let p be -2 + 4 - (2 + -19). Suppose r = 2 + p. Let s = 37 - r. Calculate the highest common divisor of 4 and s.
4
Let q = -2566 - -2614. Calculate the greatest common divisor of q and 3.
3
Let i = 22 - -22. Suppose 4*r + v - i = 0, r - 44 = -2*r + 2*v. What is the highest common divisor of r and 36?
12
Let b be (76/19 - 5)/(2/(-220)). What is the greatest common divisor of b and 55?
55
Let z be (-15)/((-2145)/22) + (-1426)/(-26). What is the greatest common divisor of z and 10?
5
Suppose 2*g - 256 = -0*g + 2*l, 366 = 3*g + 3*l. Suppose -5*q + 120 = -g. Calculate the greatest common factor of 7 and q.
7
Let o(f) = 4*f - 3*f - 3*f - 17. Let y be o(-10). What is the greatest common factor of 33 and y?
3
Let d(z) = z - 19. Let l be d(0). Let n = l - -27. Suppose 4*f = -n + 108. What is the highest common divisor of 10 and f?
5
Let j(f) = -f**2 - 2*f - 2. Let q be j(0). Let b(r) = 10*r + 5. Let x be b(q). Let v be 94/10 + x/(-25). What is the highest common factor of 40 and v?
10
Suppose -999 = 11*v - 6807. Calculate the greatest common divisor of 48 and v.
48
Suppose -4*c + 312 + 128 = 0. Suppose -4*g + 10 =